e prime factors of f?
11
Let q = 1 + 1. Suppose -q*b + x + 9 = 0, -4*b + 0*b - 4*x = 0. Suppose m - 12 = -3*z, 6*z - b*z = -2*m + 24. List the prime factors of m.
2, 3
Let y(v) = -v + 13. Let l be y(13). Suppose -t - 2*t + 132 = l. Let w = t - 25. What are the prime factors of w?
19
Let g = 5 + -1. Let r = g + -1. Let j(i) = -i**3 + 3*i**2 + 3*i - 1. List the prime factors of j(r).
2
Suppose 0 = 5*l - 5, a - 4*l = -2*a + 2. What are the prime factors of a?
2
Suppose 5*k - 3*k = 66. What are the prime factors of k?
3, 11
Suppose -2*h = -3*h + 3*m + 75, 451 = 5*h + 4*m. List the prime factors of h.
3, 29
Let r be 84/2 - (-24)/(-6). Suppose r = -4*t + 194. What are the prime factors of t?
3, 13
Suppose w = 0, -5*w = -2*l - 10*w - 10. Let m(i) = -i + 1. List the prime factors of m(l).
2, 3
Let s(o) = 3*o + 21*o**2 - 1 - 2*o - 13*o**2. What are the prime factors of s(1)?
2
Let d(u) = -u**3 - 3*u**2 + u - 8. Let n be d(-6). Suppose -31 = 3*q - n. What are the prime factors of q?
3, 7
Let q(g) = g**2 - 4*g + 4. Let r(w) = w**2 - 5*w + 5. Let t(d) = 5*q(d) - 4*r(d). Let f be t(0). What are the prime factors of 7*(-2 + f)/(-2)?
7
Let y(g) = -g - 2. Let t be y(-4). Suppose -t*o - 16 = -o. Let p = o - -29. List the prime factors of p.
13
Let i = -726 - -1091. List the prime factors of i.
5, 73
Let m be 5 - (2 + 1) - 0. Suppose -m*r = k - 4*r - 5, -12 = -2*k + 3*r. What are the prime factors of k?
3
Let w = -32 - -86. List the prime factors of w.
2, 3
What are the prime factors of 168/(-35)*300/(-9)?
2, 5
Suppose 0*u + 2*u + 16 = 0. Let h = u - -24. Let b = h - 5. List the prime factors of b.
11
Let h = 9 - 8. List the prime factors of 3 + 63/(h + 2).
2, 3
Let i = 9 + -6. Suppose 9 = 4*j - i*h, -2*j - 4*h + 11 = h. What are the prime factors of j?
3
Let c = 9 + -6. Suppose -2*k = -c*k + 2. Suppose -2 = k*q - 10. What are the prime factors of q?
2
Suppose -4*j - 3*w = -60, j = 5*j - 4*w - 88. What are the prime factors of j?
2, 3
Let y(b) = 57*b + 2. List the prime factors of y(1).
59
List the prime factors of 1*(-8)/12*-117.
2, 3, 13
Suppose 5 + 7 = 4*f - 3*b, -4*b - 16 = -f. Suppose 4*q + 3*h - 40 + 5 = 0, f = 2*q + 3*h - 13. List the prime factors of q.
11
Suppose -8*j - 1820 = -22*j. What are the prime factors of j?
2, 5, 13
Let y(t) = 6*t - 13. Let b(m) = -3*m + 1. Let r be b(-2). What are the prime factors of y(r)?
29
Let m = 55 + -23. What are the prime factors of m?
2
Let t(x) = -x**3 - 2*x**2 - 2*x - 2. Let i be t(-2). List the prime factors of (-1 - -4)/(3/i).
2
Suppose 2*i + 463 = -5*b + 2276, -b - 4*i + 377 = 0. What are the prime factors of b?
19
Suppose i - 7 = 3*v, 0 = -2*v - 0*v - 2. Suppose -u = -w, 3 = -w + i*u - 12. Suppose x - 4*b - 8 = w*x, -x = -5*b - 22. List the prime factors of x.
2
Let j be (1/1)/(3/27). What are the prime factors of 48/j*18/4?
2, 3
Suppose 0*s + 8*s = 504. What are the prime factors of s?
3, 7
Let l = 3 - 1. What are the prime factors of (-6)/(-4)*(l - -22)?
2, 3
Let x(r) = r**2 + 4*r**3 - 8*r**2 - 9*r + 2*r - 2 - 5*r**3. Let s(u) = -u**2 + 2*u - 3. Let b be s(3). List the prime factors of x(b).
2
Let h(c) = 2*c**2 + 4*c. What are the prime factors of h(-3)?
2, 3
Let l(o) = -20*o. What are the prime factors of l(-2)?
2, 5
Suppose 4*m - 12 = 16. Suppose 0 = 5*w - u - 115, -3*u = -w + 2*w - m. List the prime factors of w.
2, 11
Let x(y) = y**2 + 9*y + 3. Let o be x(-10). Let j = o + -27. Let g = 2 - j. What are the prime factors of g?
2
Let t be 1/3 - 21/9. What are the prime factors of t + (-1)/(1/(-10))?
2
Let o = 6 + -12. Let f = o + 10. Suppose 3*y = -0*t - 4*t + 11, -f*t - y = -17. What are the prime factors of t?
5
Let d(o) = -o - 5. Let g be d(-6). Suppose g = 3*r - 5. Suppose 0 = r*c - 4. List the prime factors of c.
2
Suppose x = 6*x - 380. Suppose x = 3*k + k. List the prime factors of k.
19
Let x(v) = -4*v**3 + 2*v**2 + v. Let b be x(-1). Suppose -b*r = 3*n + 16, -4*n = -5*r + n. Let f = 5 + r. List the prime factors of f.
3
What are the prime factors of (-88*1)/(2/(-3) + 0)?
2, 3, 11
Suppose 2*f - f = 0, 2*j + f = 20. Suppose 3*u - 28 = 4*r, -33 = -5*u + 3*r + j. Suppose -4*n = -32 - u. What are the prime factors of n?
2, 5
Suppose 2*j + 6 + 2 = 0. Let q = -2 + j. List the prime factors of ((-9)/3 - q) + 20.
23
Let d(i) = i**2 + i - 1. What are the prime factors of d(4)?
19
Let z(g) = g**3 - 14*g**2 + 1. Let t be z(14). Let k(v) = 9*v**2 + v. What are the prime factors of k(t)?
2, 5
Let h = 180 - 125. What are the prime factors of h?
5, 11
Suppose -3*k = k, 59 = u - 2*k. What are the prime factors of u?
59
Let p(c) = 8*c + 62. List the prime factors of p(18).
2, 103
Suppose b + 8 = -2*q - 11, 4*q + 13 = 3*b. Let i be (6/4)/((-5)/10). Let d = i - q. What are the prime factors of d?
2
What are the prime factors of (2 + 32/(-6))*-3?
2, 5
Suppose i + 3*z = -10 - 13, 5*z - 7 = 4*i. Let s be (2/(-3))/(i/36). Suppose -s*k = -k - 14. List the prime factors of k.
7
Let d = 6 - 3. What are the prime factors of (-1)/(d/(-36)) + 1?
13
Let p(n) be the third derivative of -n**5/60 + n**4/4 + 5*n**3/6 + n**2. Let d = 7 + -1. List the prime factors of p(d).
5
Let o(l) = -27*l - 9. What are the prime factors of o(-4)?
3, 11
Let u(l) = l**3 - 5*l**2 + 8*l - 17. List the prime factors of u(8).
239
Suppose 2*b + f - 23 = 0, 9*b - 59 = 4*b - 3*f. Let a(l) = l**3 - 9*l**2 - 9*l - 14. Let i be a(b). Let c = i - -10. What are the prime factors of c?
2, 3
Let n(x) = 9*x. Let d be n(1). Suppose j + 4 = d. List the prime factors of j.
5
Let n(v) = -v**2 - 7*v - 2. Suppose -6*h + 4*h = 12. List the prime factors of n(h).
2
Suppose 0*y = -3*y + 594. List the prime factors of y.
2, 3, 11
Suppose p - 64 = 37. List the prime factors of p.
101
Suppose 0 = n - 5*n + 144. Suppose 3*l - l - j = 45, 0 = -2*l - 2*j + n. List the prime factors of l.
3, 7
Suppose -2*s - 1 = -5*b - 0, b - 1 = 0. List the prime factors of s.
2
Let q = 10 + -6. Let g be (0 - -2)*(-3)/(-2). List the prime factors of 24/g*6/q.
2, 3
Let r(l) = -3*l - 1. Let h(x) = x**2 + 5*x + 3. Let d be h(-3). Let o be r(d). What are the prime factors of (-2)/(o/6 + -2)?
3
Let o(h) = -3*h - 4. List the prime factors of o(-3).
5
Let q(b) = 9*b + 2. Let h(d) = -6*d - 1. Let p(y) = 7*h(y) + 5*q(y). Let s be p(6). Let n = 37 - s. List the prime factors of n.
2
Let z = 11 - 6. Let l(n) = -n - 1. Let m be l(-4). Suppose -4*y = m*q + 8, z*y + 41 = -q + 5*q. What are the prime factors of q?
2
List the prime factors of (-8)/(-28) - 608/(-28).
2, 11
Suppose 4*t - 3*b = -t + 9, -5*t - 2*b = -19. What are the prime factors of t?
3
Suppose 0*i = -i + 2. Suppose 0 = v - i - 4. List the prime factors of v.
2, 3
Let u = -83 + 237. List the prime factors of u.
2, 7, 11
Suppose -l = -0*l. Suppose -2*i = -l*i + 6, k + 5*i = 3. List the prime factors of k.
2, 3
Suppose -h + 5*h = 20. Suppose 4*a = -h*p + 133, 0 = 3*p - a - 4*a - 102. What are the prime factors of p?
29
Let f(v) = v**2 - 2*v + 6. Suppose 4*s = 5*s - 6. Let h be f(s). What are the prime factors of 1/((-58)/h + 2)?
3, 5
Let o = -222 - -487. What are the prime factors of o?
5, 53
Let b be (-1)/(-3 - 5/(-2)). Let p = b + -4. List the prime factors of (-9)/(-2) - p/(-4).
2
Let a = -13 + 14. List the prime factors of 1/(-2)*a*-4.
2
Let d(q) be the first derivative of -q**4/4 - 7*q**3/3 + 3*q**2 + 6. List the prime factors of d(-8).
2
Suppose 2*r - 57 = -r. Suppose 77 = 3*c - r. List the prime factors of c.
2
Suppose -882 + 52 = -4*i + 2*c, -2*c - 1035 = -5*i. What are the prime factors of i?
5, 41
Let q(b) = -11*b**3 + 38*b**2 - 16*b + 26. Let k(a) = 4*a**3 - 13*a**2 + 5*a - 9. Let y(l) = 8*k(l) + 3*q(l). What are the prime factors of y(9)?
3, 5
Suppose 25 = 5*v - 30. List the prime factors of v.
11
Suppose 0 = -2*j - j - 126. Let d = -30 - j. List the prime factors of d.
2, 3
Let q(p) = -2*p - 26. What are the prime factors of q(-14)?
2
Let o(p) = p**3 - 6*p**2 + 5*p. Let j be o(5). Suppose m - 4 = j, -116 = -4*k + 3*m + 2*m. List the prime factors of k.
2, 17
Suppose 0 = -b - 5 - 0. Let j = 18 + b. List the prime factors of 2/3 - j/(-3).
5
Suppose 3*k = -k + 284. What are the prime factors of k?
71
Suppose -7 = 5*n + 3*l + 19, 2*n - 2*l = -20. Let j = -2 - -18. Let v = n + j. What are the prime factors of v?
3
Let h(j) = -j**3 + 10*